e factors of f.
5
Suppose -4*b - y + 149 = -272, 3*y = b - 115. List the prime factors of b.
2, 53
Suppose -4*c + w = -4*w - 140, 0 = -2*c + 2*w + 70. List the prime factors of c.
5, 7
Suppose -12 - 12 = -3*w. Suppose d = -2*d. List the prime factors of w/4 - (d - 0).
2
Let m = 519 - 293. What are the prime factors of m?
2, 113
Let o(l) = l**2 - 6*l - 2. Let q be o(5). Let n(t) = -t**2 - 10*t - 3. What are the prime factors of n(q)?
2, 3
Suppose -17*l - 14 = -19*l. List the prime factors of l.
7
Let t(v) = -v + 12. Let n(f) = 2*f - 6. Suppose 3*i = -2*c + 17, 0 = 3*i - 5*c - 27 - 4. Let p be n(i). List the prime factors of t(p).
2
Let j = 7 - 5. Let w be (0 - (-1)/j)*4. Suppose 2*f - 4*m + w = 0, -m + 15 = 4*m. List the prime factors of f.
5
Let d = 1 + 1. Suppose 62 = 4*o + d. What are the prime factors of o?
3, 5
Let o(d) = 59*d**2 - d - 1. List the prime factors of o(-1).
59
Suppose -2*t + 2 = -70. What are the prime factors of t?
2, 3
Let g(p) = -p**2. Let w = -6 + 6. Let t be g(w). Suppose -f + 4*h + 19 = 8*h, t = 5*f + h - 76. What are the prime factors of f?
3, 5
Let m(z) = -z**2 + 7*z + 5. Let p be m(7). Let t = 0 + p. What are the prime factors of t?
5
Suppose o - 4*f + 6 = 0, 12 - 2 = 2*f. What are the prime factors of o?
2, 7
Let k = -62 - -150. List the prime factors of k.
2, 11
Let s be ((-5)/(-3) + -2)*0. Suppose -2*y + 5*f + 73 = s, -3*y + f + 96 = -2*f. List the prime factors of y.
29
Let p = 5 - 2. List the prime factors of 2/(-3) - (-35)/p.
11
Let v(g) = g + 12. Let c be v(-7). Suppose 6*j - j = -c. List the prime factors of 5/(-2)*(j - 1).
5
Let g(z) = -2*z + 2. Let l be 37/((-3)/18*-3). Let y be l/(-8) + 3/12. List the prime factors of g(y).
2, 5
Let j be (-2)/9 - (-40)/18. Suppose -5*a - 3*d = -25, 5*d + 12 - 2 = j*a. What are the prime factors of a?
5
Let t(j) = -3*j - 1. What are the prime factors of t(-4)?
11
Let v(s) = -7*s**3 - 3*s**2 - s - 1. Let d be v(-2). What are the prime factors of 5/(15/2)*d?
2, 3, 5
Let x = -1 - -4. Let l be 4 + -2 - (2 + -2). Suppose -l*s - 5 = -x*s. List the prime factors of s.
5
Suppose 0 = -2*r + 4*r. Suppose 4*m = -r*m + 12. Suppose 8 + 4 = m*a. What are the prime factors of a?
2
Let g(u) = -u**3 - 6*u**2 + 4*u - 4. List the prime factors of g(-7).
17
Suppose -888 = 4*v - 56. Let d be v/(-8)*(-5)/2. List the prime factors of d/(-5) + -2*1.
11
Let f(c) = 13*c**2 + c - 2. What are the prime factors of f(-2)?
2, 3
Let j(d) = d + 6. Let m be j(-6). Let l(k) = -k**2 - k + 5. Let r be l(m). Suppose -r*z + 10 = s, -s + z + z = -3. List the prime factors of s.
5
Suppose 2*u - 4*p - 22 = -9*p, p = -u + 11. List the prime factors of u.
11
List the prime factors of (17 - 4) + 1 + 0.
2, 7
Suppose 0 = -2*c + 30 + 4. Let k = c + -9. List the prime factors of k.
2
Suppose 590 = 3*d - 2*s, 2*s = -0*s + 10. What are the prime factors of d?
2, 5
Suppose 0 = -b + 5*n + 86, b - 3*b = 3*n - 133. Let a = b + -48. List the prime factors of a.
23
Let s be 6/2 + -4 + 5. Let j(r) = 3 - s - 3*r - 2*r + r. What are the prime factors of j(-3)?
11
Suppose -2*s + 20 = -6*s. Let q(u) = -u**2 + u + 5 - 5*u - 2*u. List the prime factors of q(s).
2, 5
Suppose 0 = 3*f - 0*f - 12. Suppose g - 2*g + 3*l = -f, 2*l = -4*g + 58. List the prime factors of g.
13
Let g = 1 + 1. Suppose -2*z - g*z = 20, 2*z - 15 = -5*u. Suppose -o - u*l + 37 = 0, l = 5*o - 52 - 3. List the prime factors of o.
2, 3
Let l = 112 - 62. What are the prime factors of l?
2, 5
Let r(l) = -l + 1. Let g be r(-3). Let f = g - 2. Suppose f*d = -0*d + 10. List the prime factors of d.
5
Let m = 12 + 9. List the prime factors of m.
3, 7
What are the prime factors of (-127)/(-4) + (-42)/56?
31
Let p = 64 + 67. List the prime factors of p.
131
Let w = -5 - -5. Suppose w = -3*c + 19 + 29. List the prime factors of c.
2
Let x be -1*(-2)/(-4)*0. Suppose d + x*d = 5. Suppose -14 = -d*u + 1. What are the prime factors of u?
3
Suppose 0*t - 4*t + 1174 = 5*p, -2*t + 590 = p. What are the prime factors of t?
2, 37
Let f(z) = 2*z**2 + 7*z - 3*z**2 + 3*z - 4 - 2. Let l be f(9). Suppose 2*s - p = 3*p + 30, s = -l*p + 5. List the prime factors of s.
11
Let a = 85 + 28. What are the prime factors of a?
113
Let r = 544 - 232. What are the prime factors of r?
2, 3, 13
Let o be 1/3 + 15/9. Let s(q) = q - 4. Let f(p) = 2*p - 9. Let t(i) = o*f(i) - 5*s(i). What are the prime factors of t(-2)?
2
Suppose 4*j + 0*j = 28. Suppose -2*t + 3 = -j. List the prime factors of t.
5
Let l(d) = d + 13. List the prime factors of l(-3).
2, 5
Let l(n) = -3*n + 1. List the prime factors of l(-9).
2, 7
Suppose -574 + 218 = -4*o. What are the prime factors of o?
89
Let r be (-52)/(-6) + (-12)/(-36). List the prime factors of r/(-6) + (-30)/(-4).
2, 3
Let f(m) = -m**2 - 13*m + 26. What are the prime factors of f(-14)?
2, 3
Let w(f) be the first derivative of f**3/6 - 4*f**2 - 2*f + 2. Let k(s) be the first derivative of w(s). List the prime factors of k(10).
2
Let s be (-2 - 0) + 12/6. Suppose 3*t + 4*z + 4 + 22 = s, t + z = -7. What are the prime factors of (-3 + 2)*-1 - t?
3
Suppose -5*w = -5*z - 695, 2*z = -0*z - 8. What are the prime factors of w?
3, 5
Let n(s) = -s**2 + 13*s + 13. What are the prime factors of n(12)?
5
Let q = -251 - -384. Suppose 5*i = q - 8. What are the prime factors of i?
5
Let r(c) = 2*c**2 - 5*c. Suppose 0 = n - 0*n - 4. List the prime factors of r(n).
2, 3
Let w = 7 + -15. Let c = w + 14. What are the prime factors of c/4*6/1?
3
Let h = 118 + -18. List the prime factors of h.
2, 5
Suppose 0 = -0*g - 5*g + 15. Suppose -3*f = g*w - 18, 0 = 3*f - f - 3*w + 3. What are the prime factors of f?
3
List the prime factors of (0 - -2)*477/18.
53
Let w(z) = -z**3 + 2*z**2 + z - 1. Let p be w(2). Let b = p - -2. List the prime factors of b.
3
Suppose 53 = s + 221. List the prime factors of 56/6*s/(-32).
7
What are the prime factors of (-9)/2*(-196)/21?
2, 3, 7
Suppose -o - 2*v = -6*v - 134, -v = -1. List the prime factors of o.
2, 3, 23
Suppose -3*h = 5*l - 16, -4*h + 17 = 4*l - 3*h. Suppose -3*z - 37 = -2*x, 2*x + 3*z - 55 + 12 = 0. Suppose f - l*f = -x. What are the prime factors of f?
5
Suppose -5*p + 36 = -4*a, -a + 12 = 2*p - 2*a. List the prime factors of p.
2
Suppose 0 = -5*s + 10 + 5. Suppose 5*a - 203 = 3*u, s*a + 2*u - u - 119 = 0. List the prime factors of a.
2, 5
Let b(m) = m**3 + 3*m**2 - 3*m + 3. Let k(u) = u**3 + 3*u**2 - 2*u + 5. Let q be k(-4). Let i be b(q). Let o = i - 4. List the prime factors of o.
2
List the prime factors of (248/(-6))/((-36)/54).
2, 31
Suppose -4*q = -q + 24. Let z be 1/4 + (-270)/q. Suppose -4*n + 2*o = -24, 0 = -5*n + 2*o + z - 2. List the prime factors of n.
2
Let g(c) be the third derivative of -c**5/60 + c**4/2 + 2*c**3/3 - c**2. List the prime factors of g(12).
2
Let b(n) be the third derivative of n**5/60 - n**4/6 + n**3 + 8*n**2. What are the prime factors of b(6)?
2, 3
Let o(f) = f**3 + 4*f**2 + 2*f + 3. Let y be o(-4). Let u = 9 + y. Suppose 0 = -u*g - 22 + 62. What are the prime factors of g?
2, 5
List the prime factors of 8/3*(-5)/((-50)/345).
2, 23
Let m(r) = -r**2 - 8*r + 3. List the prime factors of m(-7).
2, 5
Let q(w) = -37*w + 1. Let v be q(2). Let p = 105 - v. List the prime factors of 4/(-22) - p/(-11).
2
Suppose -4*b + 11 = -5*b. Let c = b - -21. What are the prime factors of c?
2, 5
What are the prime factors of 44/(-12)*-39 + 3?
2, 73
Let q = -1 + -2. Let i = q - 0. What are the prime factors of (-1 + -5)*(i + 2)?
2, 3
Let i(u) = 9*u + 5. List the prime factors of i(13).
2, 61
Let j be (-57)/(-12) - 1/(-4). Suppose -j*v = -4*f - 4, -4 = v + 4*f - 0*f. Suppose v = -5*i + 4*i + 8. List the prime factors of i.
2
Suppose 4*l - 158 - 46 = 0. What are the prime factors of l?
3, 17
List the prime factors of 9/(-18) - 67/(-2).
3, 11
What are the prime factors of 54/((-21)/9 + 3)?
3
Let z = -69 + 104. What are the prime factors of z?
5, 7
Let d(g) = -g**3 - g**2 + g + 11. Let m(z) = z**2 - 3*z - 2. Let c be m(3). Let t = c + 2. What are the prime factors of d(t)?
11
Suppose 5*x = -4*j + 1205, 4*x - 6*j + 4*j = 964. What are the prime factors of x?
241
Let p(x) = -13*x + x**2 - 1 + 4 + 4*x. What are the prime factors of p(9)?
3
Suppose 0 = -7*s + s + 1062. What are the prime factors of s?
3, 59
Let l = 39 + -20. What are the pri